t + 5*r. Let k = 305 - 122. Let n = k + t. What is the units digit of n?
0
Suppose 34*b = 32*b + 54. Let u = b - 15. What is the tens digit of 204*(-3)/u*(-5 - -3)?
0
Let p = 7367 + -1939. What is the tens digit of p?
2
Let n be (446 + 10)*(0 + 1). Suppose -n = -p + 606. What is the thousands digit of p?
1
Suppose -u + 3*p + 4979 = 0, -p - 8861 = 4*u - 28764. What is the units digit of u?
6
Let h(s) = s**3 - 10*s**2 - 10*s - 13. Let i be h(11). Let l = 107 + -104. What is the units digit of (0/i + 7)/(1/l)?
1
Let o = 30488 - 18209. What is the tens digit of o?
7
Suppose 101 + 40 = -v. Suppose -2*h - 5*g = 9, -6*h - 30 = g + 67. Let m = h - v. What is the units digit of m?
4
Suppose 3*l + 2 = 17. Let g be 390 - (-75)/(150/10). Suppose 65 = l*v - g. What is the units digit of v?
2
Let o be (168/140)/(4/10). Suppose -o*n = -3*m + 45, 10*m - 6*m + 3*n - 46 = 0. What is the tens digit of m?
1
Suppose -5*t + 16*k - 11*k = -164990, t - 2*k - 33007 = 0. What is the units digit of t?
9
Let o(c) = 11*c + 2099. What is the hundreds digit of o(34)?
4
Let p(s) = s**3 + s**2 - 42*s + 13824. What is the units digit of p(0)?
4
Suppose 104*q + 6 = 107*q. Suppose 3*j - 117 = -2*k, 2*j - 118 = -4*k + q*k. What is the tens digit of k?
6
Let p(o) = 32*o**3 + 50*o**2 + 9*o + 6. What is the units digit of p(9)?
5
Let n(o) be the third derivative of -o**4/4 - 2*o**3/3 + 740*o**2. Suppose -f = -2*u - 15, 5*u + 2*f + 18 = u. What is the tens digit of n(u)?
3
Let d = -5807 - -8990. What is the tens digit of d?
8
Let y = -41 - -29. Let u = 15 + y. Suppose -4*a - 2*w = a - 965, 15 = -u*w. What is the units digit of a?
5
Let v(s) = 8*s - 4. Let b be v(-4). Let t(i) = -2*i**2 - 30*i - 64. Let m be t(-10). What is the tens digit of 7064/m - (-8)/b?
9
Suppose -5*q = 3*j - 30335, 3*j - 12519 - 17753 = 4*q. What is the ten thousands digit of j?
1
Let q(k) = -k - 15. Let c = 67 + -85. Let v be q(c). Suppose -11*m = -v*m - 1296. What is the units digit of m?
2
Suppose 0 = -3*m - c + 21942, -4*m + 5*c + 14337 + 14919 = 0. What is the thousands digit of m?
7
Suppose 2*o + 629 = -4*t + 3385, -2*o = -2*t - 2726. Suppose -78*r + o = -76*r. What is the hundreds digit of r?
6
Let f(q) = -q**2 - 16*q - 55. Let n be f(-10). Suppose a - 4*a - n*x = -1449, 5*x = 0. What is the hundreds digit of a?
4
Let x be 6/(36/(-33000)*10/(-36)). Suppose 33*d = 9*d + x. What is the tens digit of d?
2
Let r = 20261 + -2511. What is the tens digit of r?
5
Let l(p) = 33*p**2 + 11*p + 85. What is the units digit of l(-14)?
9
Let f = 30 + -10. Let u = f + -17. Suppose -u*x - 2*a + 228 = 0, 10 - 4 = -2*a. What is the units digit of x?
8
Let g = -422 - -920. What is the hundreds digit of g?
4
Let d = -26 - -49. Let t be (d + -2 - 1)*(-3)/(-12). Suppose -i = -t*i + 528. What is the tens digit of i?
3
Let f be (-2)/(-3) + (-4)/(-3). Suppose 0*g - g + 443 = -5*i, -5*i + f*g - 446 = 0. Let m = -14 - i. What is the tens digit of m?
7
What is the units digit of 0 + 3/(-5) + (-146589)/(-15)?
2
What is the tens digit of 2/((-24 - -40)/571664)?
5
Let s(p) = p**3 + 12*p**2 + 28*p + 16. Let y be s(-9). Suppose -2325 = -2*r + 3*f, -6*f + y*f = -4*r + 4629. What is the thousands digit of r?
1
Let l = 2425 - 5496. Let i = l - -4600. What is the thousands digit of i?
1
What is the hundreds digit of ((-22435)/(-70))/((-6)/(-144))?
6
Suppose -1916*l + 1881*l = -460250. What is the hundreds digit of l?
1
Let b = -9013 - -13618. What is the thousands digit of b?
4
Let r(v) = 22*v**2 + 5*v - 74. What is the thousands digit of r(-10)?
2
Suppose 35*h = 37*h + 2*o - 14854, 0 = 2*h - o - 14836. What is the tens digit of h?
2
Suppose -4*l - 1 - 15 = 0. What is the hundreds digit of 7256/7 + l/7?
0
Let v(f) = 4*f**2 + 311*f + 582. What is the ten thousands digit of v(-112)?
1
Suppose -3*v + 10005 = -3*k + 2547, v = 3*k + 2484. What is the hundreds digit of v?
4
Let z = -47 + 47. Let y = z - -78. What is the tens digit of y?
7
Suppose 23*h - 127896 = 217534 - 36793. What is the tens digit of h?
1
Let i = 12654 + -4231. What is the thousands digit of i?
8
Suppose 4*r - 18*d - 8767 = -13*d, -10970 = -5*r + 4*d. What is the hundreds digit of r?
1
Let n(o) = -8*o**3 - 8*o**2 - 11*o - 8. Let y be n(-4). Let z = 842 - y. What is the tens digit of z?
2
Let p(m) = -121*m - 25. Let q be p(-1). Suppose x = q + 344. What is the tens digit of x?
4
Let m = 2339 + 123. What is the hundreds digit of m?
4
Let d(u) = -245*u + 3708. What is the tens digit of d(-25)?
3
Suppose 8*y + 74 = 34. What is the tens digit of (-2942)/y*40/16?
7
Let l = -10012 - -24806. What is the ten thousands digit of l?
1
Let k(a) = a**2 + 2*a - 3. Let p be k(-5). Let n(j) = -p*j + 16 + 4 - 13 + 18. What is the units digit of n(-6)?
7
Suppose -7*y + 5*y + 9*y = 0. Suppose -h = -4*s + 367 + 253, y = -3*s + 2*h + 470. What is the hundreds digit of s?
1
Suppose -4*f = -4*o + 24, -4*o + 6*f = 3*f - 20. Suppose -5*g + w = -27 - 262, 5*g - o*w - 293 = 0. What is the units digit of g?
7
Suppose 25*l - 275134 + 65168 = 61334. What is the ten thousands digit of l?
1
Let b be 174/(-8) + 5/(-20). Let w = 12 + b. What is the units digit of (-182)/35*w/4?
3
Let a = -11240 + 59735. What is the tens digit of a?
9
Suppose -24*k - 630532 = -109*k + 932873. What is the tens digit of k?
9
Let m(d) = 149 + 29*d**2 - 5*d - 153 + 37*d**2. What is the units digit of m(2)?
0
Let h = -148 + 323. Suppose -3*k + h = -143. What is the tens digit of k?
0
Let z be -1 - (-7)/8 - 32266/(-208). Suppose -z = -r - a, 6*r - 9*r + 2*a + 480 = 0. What is the hundreds digit of r?
1
Suppose -142*b = -82*b - 1276440. What is the ten thousands digit of b?
2
Let j = -6701 - -11849. What is the tens digit of j?
4
Suppose 3*v - 2*h - 4888 = 0, -5*h + 8458 = 5*v + 303. What is the thousands digit of v?
1
Let y be 214 + 5 + -9 - (0 + -3). Let n = y + 313. What is the tens digit of n?
2
Suppose -2*t - 2*t + 4*r = 0, -5*t = -r - 8. Suppose -o + u = -924, 0*u - 6 = -t*u. What is the units digit of o?
7
What is the ten thousands digit of (546/(-52) - -10)*-45062?
2
Let f be -6 - (5 + 57) - 2. What is the tens digit of (-1)/(-7) + (-6150)/f?
8
Let b be (10910/(-15))/(-2) - (-1)/3. Suppose -3*n - 3*l = -l - 556, -2*n + b = 3*l. What is the hundreds digit of n?
1
What is the thousands digit of -12 + 1 - -65455 - (-16 - -6)?
5
Suppose 0*b - 2*b - 2*x = -12, -2*b = x - 10. Suppose 3*g = -2*p - p, -b = -g - 3*p. What is the units digit of (5 + -13)*g/4?
4
Let x(d) = 2*d**2 + 2*d. Suppose -13*q + 28 = -17*q. What is the tens digit of x(q)?
8
What is the thousands digit of ((-56)/(-126) + 32/9 + -2)*10739?
1
Suppose -12*w = -5*w - 2282. What is the units digit of (-1 - w)/(-6 + (-315)/(-56))?
2
Let m be 854/(-126) + 7 + (-43)/(-9). Suppose d + 5*g - 994 = 0, 0 = 2*d - m*g - 184 - 1759. What is the tens digit of d?
7
Suppose 0 = -3*i - 0*i + 9, -a - 2*i + 1 = 0. Let g(r) = r**2 + 12*r - 2. Let q be g(a). Let n = 59 + q. What is the units digit of n?
2
Let b be 5 - (0 + 6 + -5). Let c(g) = 3*g**3 - 3*g**2 - 9*g + 1. What is the tens digit of c(b)?
0
Suppose 4*n + 0*o = -5*o - 695, 2*n + 355 = -o. Let m be n/54 + 2/6. Let u = 59 + m. What is the units digit of u?
6
Let v(w) = w**3 - 14*w**2 + 4*w - 32. Let u be v(14). Suppose 0 = 5*k + 7*x - 8*x - 57, -u = -3*k + 4*x. What is the units digit of k?
2
Let i be (4/(-8))/((-6)/44412). Let u = i + -2631. What is the units digit of u?
0
What is the hundreds digit of (1934/(-45) - 2/9)/(21/(-4515))?
2
Suppose -133 + 230 = -b + 2*b. Suppose -3*h - 4*r + 7*r = -534, 2*h - 362 = -r. Suppose -2*f - 4*m + h = -7*m, -f = -5*m - b. What is the units digit of f?
7
Let i be 14350/(-35)*(-3)/2. Let u = i + 367. What is the tens digit of u?
8
Suppose 2*t - 3*p = 10, 5*t - 2*p - 10 = 3*t. Suppose 0*f - 2*c = f + 57, c + 285 = -t*f. Let r = f + 178. What is the tens digit of r?
2
Suppose 0 = -2*w + b + 57048, -2*w + 57012 = 97*b - 92*b. What is the tens digit of w?
2
Let a = -9625 - -23918. What is the ten thousands digit of a?
1
Let s be 4 - ((-32)/40)/((-6)/15). What is the tens digit of (-6)/(-2) - s/(-4)*992?
9
Let x(m) = 20*m + 163. Let h be x(-8). Let b = 838 + -472. Suppose h*c = -3*a + b, -3*c + 5*a = c - 515. What is the tens digit of c?
2
Let m = 89 + -86. Suppose -19 = -m*b - 10. What is the 